and 22.
11
Suppose -8*t + 526 = -1042. Calculate the greatest common divisor of t and 28.
28
Suppose -s - 12 = -y - 2, -25 = -2*y + s. Let b be (-9)/2*20/y. Let w(z) = -z - 4. Let c be w(b). Calculate the greatest common factor of 18 and c.
2
Let b = -6 + 8. Let t(a) = -17*a + 2. Let i be t(b). Let y = -16 - i. What is the highest common factor of y and 2?
2
Let o be (4 - (-3 - -4)) + 51. Suppose 2*v + 0*t = 3*t + o, 5*v - 157 = 2*t. What is the highest common divisor of v and 11?
11
Let z(r) = r**3 + 9*r**2 + 6*r - 10. Let p be z(-8). Let g(j) = p*j + j**2 - j - 4*j - 4. Let y be g(5). What is the greatest common factor of y and 65?
13
Let f(y) = -5*y + 5. Let j be f(-5). Calculate the greatest common divisor of j and 12.
6
Suppose -5*y - u + 21 = -0*u, 4 = -u. Suppose o = 2*o - 4*b - 4, 5*b = -y*o + 70. Calculate the greatest common factor of o and 108.
12
Let b(m) = -41*m - 1. Let s be b(-2). Let k = -9 + 18. What is the highest common factor of s and k?
9
Let c(i) = 10*i + 0 + 6*i**2 - 1 - 8*i. Let f be c(2). Calculate the highest common factor of f and 9.
9
Suppose 5*g = 2*g - 4*b + 98, -5*g + 168 = 2*b. What is the greatest common factor of 34 and g?
34
Suppose -52 = -5*b + 73. Calculate the greatest common divisor of 5 and b.
5
Suppose 2*u - 5*x - 8 = 7, -14 = -2*u + 4*x. Let m be u*(-1 - (-136)/10). Calculate the highest common divisor of 9 and m.
9
Let r = 18 + 171. Calculate the highest common divisor of r and 21.
21
Let y(n) = -616*n + 105. Let i(l) = -41*l + 7. Let x(j) = 91*i(j) - 6*y(j). Let g be x(-3). What is the highest common divisor of g and 14?
14
Suppose 2*d - 4*d + 10 = 0. Calculate the greatest common factor of d and 5.
5
Let h = 14 - 2. Let f be (-14)/(-4) + 6/h. What is the greatest common divisor of f and 20?
4
Let s(f) = -f + 9. Let a be s(4). Suppose 3*o = -4*d + 1854, 424 = 3*d + 4*o - 970. Suppose 2*l + d = a*l. Calculate the greatest common factor of 14 and l.
14
Suppose -48 = -3*n + 48. What is the highest common factor of n and 48?
16
Suppose 4*n - 128 + 24 = 0. What is the highest common factor of 130 and n?
26
Let l be (6/(-5))/((-6)/45). Calculate the greatest common factor of 2 and l.
1
Let v be 1768/20 - (-2)/(-5). Suppose -2*w + 7*w = 5*x - 220, -v = -2*x - 4*w. Calculate the highest common factor of 22 and x.
22
Let x(b) = -17*b + 4. Let s be x(-1). What is the greatest common divisor of 84 and s?
21
Suppose 2*u - 6 = -u. Let s be u - (-3 - 0 - 4). Suppose 0*c + 5*f - 10 = -5*c, -5*c + 14 = f. What is the highest common factor of c and s?
3
Suppose 4*a + 3*f + 3 = a, 7 = 5*a + 2*f. What is the highest common factor of 27 and a?
3
Suppose 0 = -4*o - 80 - 68. Let f = 79 + o. Let c be (3 + -9)/(-1 + 0). What is the highest common factor of c and f?
6
Let i(a) = 22*a - 10. Let r be i(14). Suppose -5*c - 3*u = -285, -2*u - 70 = 4*c - r. Calculate the greatest common divisor of 19 and c.
19
Suppose -34 = -5*c + 3*c. What is the highest common factor of c and 68?
17
Let p(c) = -c**2 + 8*c - 9. Let x be p(6). Let o = x - 3. Suppose -3*y = -o*y - 21. Calculate the greatest common divisor of y and 77.
7
Suppose -3*k = -5*k + 240. Let r be -5*(-3)/(30/(-28)). Let l be (2 - (r - -1)) + 0. What is the greatest common divisor of l and k?
15
Suppose 0 = -j + 3*m + 11, m + 0*m = j - 9. Suppose -4 = -5*y + 356. What is the greatest common divisor of y and j?
8
Suppose m = 2*h + 9, -2*h - 20 = -m - m. Suppose 8 = -2*c, 4*c = a - 45 - 4. Calculate the highest common factor of a and m.
11
Suppose -400 = 5*c - q, 2*q + 20 = -2*q. Let i = -45 - c. What is the greatest common divisor of 12 and i?
12
Let m = -38 + 49. Calculate the greatest common factor of m and 121.
11
Let n(u) = -u**3 - 10*u**2 - u - 8. Let h be n(-10). Suppose k - h*k = -3*a + 3, -9 = -2*k + a. Calculate the greatest common factor of k and 42.
6
Let f = 21 - 10. Calculate the highest common factor of f and 121.
11
Let a = -13 - -18. What is the highest common divisor of a and 1?
1
Let i(z) = z**3 + 2*z**2 + 7. Let x be i(0). What is the greatest common divisor of 56 and x?
7
Let f = -36 - -50. Let n be 63/7*2/6. Suppose 4*x + 4*z = 8, 3*x = z + n*z + 6. Calculate the highest common divisor of x and f.
2
Let z be (1 - 0)*(0 + 1). Let s = z - 0. Suppose 4*r - 3*p - 12 = -6*p, 4*r - 4*p = 12. Calculate the greatest common factor of r and s.
1
Let o = -75 + 126. Let v = 25 - 8. Calculate the highest common factor of v and o.
17
Let n(o) = 4*o - 2. Let x be (2/(-6))/(1/(-6)). Let c be n(x). Let j(q) = 5*q + 4. Let i be j(4). What is the greatest common divisor of i and c?
6
Let x(k) = 2*k**2 + 1. Let t be x(1). Let h be (-117)/6*(-2)/t. Suppose 2*d + h = 33. What is the highest common divisor of 10 and d?
10
Let x(f) = -f**2 + 4*f + 18. Let r be x(6). Calculate the highest common factor of r and 12.
6
Suppose -26 = -3*w - f, -f - 48 = -4*w - 5*f. Suppose w = 5*q - 28. What is the highest common divisor of q and 49?
7
Suppose 2*j + 93 = -51. Let p = -51 - j. Calculate the greatest common factor of p and 168.
21
Let o(r) = 37*r - 5. Let t be o(4). What is the highest common factor of t and 13?
13
Let d(s) = 5 - s - 1 - 4. Let m be d(-6). Let c = m - -7. Calculate the highest common factor of c and 104.
13
Suppose -u - d = -8, -3*u + 56 = 2*u - 3*d. What is the greatest common divisor of 80 and u?
10
Suppose y - 5*y + 12 = 0. Suppose -d + y = -0*d. What is the greatest common divisor of 27 and d?
3
Suppose 2*c + 5*r = 3*c - 1, -2*r = -c + 4. Calculate the greatest common factor of 15 and c.
3
Let r = 18 - 7. Let k(y) = -27*y**2 + y. Let h be k(1). Let d = h - -103. Calculate the greatest common divisor of d and r.
11
Suppose 0*p = 5*p - 30. Let f(d) = d**2 - 5*d. Let k be f(p). What is the greatest common divisor of 54 and k?
6
Suppose 0 = 47*p - 45*p - 80. Calculate the greatest common divisor of 10 and p.
10
Let d be (-8)/((-1)/1*1). Suppose 4*h - 768 = -0*h. Suppose x = -2*x + h. Calculate the greatest common factor of x and d.
8
Suppose 0*s - 4*h = 4*s - 1032, -2*s - h + 511 = 0. What is the highest common divisor of 23 and s?
23
Let m be 2*(-3)/2*(-31 + 30). Suppose -6 = -2*l, -a + l + 14 = -10. What is the highest common factor of a and m?
3
Suppose 0 = 4*f - 4*k - 36, k = 2*f + 2*k - 27. Calculate the greatest common factor of 84 and f.
12
Suppose o - 2*o = -10. Let q be (-2 - 58)*o/(-15). What is the highest common factor of 16 and q?
8
Let x be (168/(-5))/(1/(-5)). Suppose -6*a + a + 107 = -2*p, -2*a = 2*p - 40. Calculate the greatest common factor of x and a.
21
Suppose 5*p - 6*p + 4 = 0. Suppose -3*z + 26 = -z - m, p*z - 40 = -4*m. What is the greatest common divisor of z and 36?
12
Let x be (-1)/(-3 + 200/68). Calculate the highest common factor of 51 and x.
17
Let h(c) = -89*c**3 + c**2 - c - 1. Let u be (-1)/3 + 8/(-12). Let q be h(u). Calculate the highest common divisor of q and 10.
10
Suppose -2*h = -h - 4*t - 77, 0 = -h - 5*t + 95. What is the highest common divisor of h and 34?
17
Let n = -22 - -42. Calculate the greatest common divisor of 4 and n.
4
Let g(o) be the second derivative of 29*o**3/6 + o**2 - o. Let u be g(2). Let l be 231/15 - (-2)/(-5). Calculate the greatest common factor of l and u.
15
Suppose 18*z = -12*z + 1560. Let p be -1*(-1 + 2) + 1. Suppose -2*w - 3*w + 65 = p. What is the greatest common factor of z and w?
13
Let i be ((-8)/(-10))/(6/435). Let v be (-1)/(-2) - i/(-4). Let q(g) = g**2 - g + 165. Let m be q(0). Calculate the greatest common factor of m and v.
15
Let h(l) = -l**2 + 23*l + 10. Let k be h(17). Calculate the highest common factor of k and 14.
14
Suppose 3*r + 17 = -1. Let g be (-2)/3 + (-436)/r. Let l(f) = -f**3 + 19*f**2 - 32*f - 25. Let a be l(17). Calculate the greatest common factor of a and g.
9
Let m be (-5)/25 - 598/10. Let r be 20/(-70) - m/14. Calculate the highest common divisor of r and 44.
4
Let w be -1 + 5/((-10)/(-36)). Let h(p) = 27*p**2 + p + 4. Let b be h(4). Suppose 0 = 3*x - 19 - b. Calculate the highest common factor of x and w.
17
Let m(o) = 2*o - 27. Let t be m(33). Calculate the highest common factor of 6 and t.
3
Suppose 0 = t + 3*p + 12, 0 = -5*t - 4*p + p. Suppose 54 = t*h - 66. Calculate the greatest common divisor of 5 and h.
5
Suppose 22*k + 4 = 23*k. Suppose w = 2*w - 5*u - 10